{"id":299,"date":"2025-09-23T11:52:25","date_gmt":"2025-09-23T11:52:25","guid":{"rendered":"https:\/\/alainanima.com\/?page_id=299"},"modified":"2025-10-01T13:11:49","modified_gmt":"2025-10-01T13:11:49","slug":"home","status":"publish","type":"page","link":"https:\/\/alainanima.com\/","title":{"rendered":"ACCUEIL"},"content":{"rendered":"<div id='full_slider_1'  class='avia-fullwidth-slider main_color avia-shadow   avia-builder-el-0  el_before_av_one_fifth  avia-builder-el-first   container_wrap sidebar_right'  ><div  class='avia-slideshow av-23ekrn-e8dd9785283b96a0284d76a6bac203a7 avia-slideshow-no scaling av_slideshow_full avia-slide-slider av-slideshow-ui av-control-default av-slideshow-manual av-loop-once av-loop-manual-endless av-default-height-applied   avia-slideshow-1' data-slideshow-options=\"{&quot;animation&quot;:&quot;slide&quot;,&quot;autoplay&quot;:false,&quot;loop_autoplay&quot;:&quot;once&quot;,&quot;interval&quot;:5,&quot;loop_manual&quot;:&quot;manual-endless&quot;,&quot;autoplay_stopper&quot;:false,&quot;noNavigation&quot;:false,&quot;bg_slider&quot;:false,&quot;keep_padding&quot;:false,&quot;hoverpause&quot;:false,&quot;show_slide_delay&quot;:0}\"  itemprop=\"image\" itemscope=\"itemscope\" itemtype=\"https:\/\/schema.org\/ImageObject\" ><ul class='avia-slideshow-inner ' style='padding-bottom: 19.504504504505%;'><li  class='avia-slideshow-slide av-23ekrn-e8dd9785283b96a0284d76a6bac203a7__0  av-single-slide slide-1 slide-odd'><div data-rel='slideshow-1' class='avia-slide-wrap '   ><img alt=\"\" alt=\"\" decoding=\"async\" fetchpriority=\"high\" class=\"wp-image-313 avia-img-lazy-loading-not-313\"  src=\"https:\/\/alainanima.com\/wp-content\/uploads\/2025\/09\/ALAIN-ANIMACOM-HEADER-HOME-V2jpg-1.jpg\" width=\"2220\" height=\"433\" title='ALAIN ANIMACOM' alt=''  itemprop=\"thumbnailUrl\" srcset=\"https:\/\/alainanima.com\/wp-content\/uploads\/2025\/09\/ALAIN-ANIMACOM-HEADER-HOME-V2jpg-1.jpg 2220w, https:\/\/alainanima.com\/wp-content\/uploads\/2025\/09\/ALAIN-ANIMACOM-HEADER-HOME-V2jpg-1-300x59.jpg 300w, https:\/\/alainanima.com\/wp-content\/uploads\/2025\/09\/ALAIN-ANIMACOM-HEADER-HOME-V2jpg-1-1030x201.jpg 1030w, https:\/\/alainanima.com\/wp-content\/uploads\/2025\/09\/ALAIN-ANIMACOM-HEADER-HOME-V2jpg-1-768x150.jpg 768w, https:\/\/alainanima.com\/wp-content\/uploads\/2025\/09\/ALAIN-ANIMACOM-HEADER-HOME-V2jpg-1-1536x300.jpg 1536w, https:\/\/alainanima.com\/wp-content\/uploads\/2025\/09\/ALAIN-ANIMACOM-HEADER-HOME-V2jpg-1-2048x399.jpg 2048w, https:\/\/alainanima.com\/wp-content\/uploads\/2025\/09\/ALAIN-ANIMACOM-HEADER-HOME-V2jpg-1-1500x293.jpg 1500w, https:\/\/alainanima.com\/wp-content\/uploads\/2025\/09\/ALAIN-ANIMACOM-HEADER-HOME-V2jpg-1-705x138.jpg 705w\" sizes=\"(max-width: 2220px) 100vw, 2220px\" \/><\/div><\/li><\/ul><\/div><\/div><div id='after_full_slider_1'  class='main_color av_default_container_wrap container_wrap sidebar_right'  ><div class='container av-section-cont-open' ><div class='template-page content  av-content-small alpha units'><div class='post-entry post-entry-type-page post-entry-299'><div class='entry-content-wrapper clearfix'>\n<div class='flex_column_table av-19kni3-f30af18ca163b7dc7589d7b62c01d5ec sc-av_one_fifth av-equal-height-column-flextable'><div  class='flex_column av-19kni3-f30af18ca163b7dc7589d7b62c01d5ec av_one_fifth  avia-builder-el-1  el_after_av_slideshow_full  el_before_av_three_fifth  avia-builder-el-first  first flex_column_table_cell av-equal-height-column av-align-top  '     ><\/div>\n<div class='av-flex-placeholder'><\/div><div  class='flex_column av-118yx7-3af65e5d039d7bc134f15667d48367de av_three_fifth  avia-builder-el-2  el_after_av_one_fifth  el_before_av_one_fifth  flex_column_table_cell av-equal-height-column av-align-top  '     ><style type=\"text\/css\" data-created_by=\"avia_inline_auto\" id=\"style-css-av-mfwjsg3e-4fdf084e9a3cff2c7d471ed5195b726d\">\n#top .av_textblock_section.av-mfwjsg3e-4fdf084e9a3cff2c7d471ed5195b726d .avia_textblock{\nfont-size:24px;\npadding:0 0 0 0;\ncolor:#ffffff;\n}\n<\/style>\n<section  class='av_textblock_section av-mfwjsg3e-4fdf084e9a3cff2c7d471ed5195b726d '   itemscope=\"itemscope\" itemtype=\"https:\/\/schema.org\/CreativeWork\" ><div class='avia_textblock av_inherit_color'  itemprop=\"text\" ><h1 style=\"text-align: center;\"><strong>ANIMATEUR,<br \/>\nPRESENTATEUR, SPEAKER,<br \/>\n<\/strong><strong>MAITRE DE CEREMONIE.<\/strong><\/h1>\n<\/div><\/section><br \/>\n\n<style type=\"text\/css\" data-created_by=\"avia_inline_auto\" id=\"style-css-av-qe5h7-85d1f6936e1785e6bd09fd267982357b\">\n#top .av_textblock_section.av-qe5h7-85d1f6936e1785e6bd09fd267982357b .avia_textblock{\nfont-size:17px;\npadding:0 30px 0 30px;\ncolor:#0a0a0a;\n}\n<\/style>\n<section  class='av_textblock_section av-qe5h7-85d1f6936e1785e6bd09fd267982357b '   itemscope=\"itemscope\" itemtype=\"https:\/\/schema.org\/CreativeWork\" ><div class='avia_textblock av_inherit_color'  itemprop=\"text\" ><h4 style=\"text-align: center;\">J\u2019aime partager mon \u00e9nergie et mon dynamisme lors d\u2019\u00e9v\u00e9nements sportifs, culturels ou professionnels. Install\u00e9 \u00e0 Biguglia, je suis heureux de contribuer \u00e0 la vie \u00e9v\u00e9nementielle Corse.<\/h4>\n<h4 style=\"text-align: center;\">Mon parcours vari\u00e9 m\u2019a permis d\u2019acqu\u00e9rir de l\u2019exp\u00e9rience et de belles rencontres, que je mets aujourd\u2019hui au service de chaque projet avec passion et cr\u00e9ativit\u00e9.<\/h4>\n<\/div><\/section><br \/>\n\n<style type=\"text\/css\" data-created_by=\"avia_inline_auto\" id=\"style-css-av-mg805zqu-c577748d4ff9cfa6ae2676f38cc77b18\">\n#top .hr.av-mg805zqu-c577748d4ff9cfa6ae2676f38cc77b18{\nmargin-top:30px;\nmargin-bottom:30px;\n}\n.hr.av-mg805zqu-c577748d4ff9cfa6ae2676f38cc77b18 .hr-inner{\nwidth:50px;\nmax-width:45%;\n}\n<\/style>\n<div  class='hr av-mg805zqu-c577748d4ff9cfa6ae2676f38cc77b18 hr-custom  avia-builder-el-5  el_after_av_textblock  el_before_av_image  hr-center hr-icon-yes'><span class='hr-inner inner-border-av-border-thin'><span class=\"hr-inner-style\"><\/span><\/span><span class='av-seperator-icon avia-iconfont avia-font-entypo-fontello' data-av_icon='\ue808' data-av_iconfont='entypo-fontello' ><\/span><span class='hr-inner inner-border-av-border-thin'><span class=\"hr-inner-style\"><\/span><\/span><\/div><br \/>\n\n<style type=\"text\/css\" data-created_by=\"avia_inline_auto\" id=\"style-css-av-mfwj32zz-a02e25e50496b1a4d3915f28a88bfe7b\">\n.avia-image-container.av-mfwj32zz-a02e25e50496b1a4d3915f28a88bfe7b img.avia_image{\nbox-shadow:none;\n}\n.avia-image-container.av-mfwj32zz-a02e25e50496b1a4d3915f28a88bfe7b .av-image-caption-overlay-center{\ncolor:#ffffff;\n}\n<\/style>\n<div  class='avia-image-container av-mfwj32zz-a02e25e50496b1a4d3915f28a88bfe7b av-styling- avia-align-center  avia-builder-el-6  el_after_av_hr  el_before_av_hr '   itemprop=\"image\" itemscope=\"itemscope\" itemtype=\"https:\/\/schema.org\/ImageObject\" ><div class=\"avia-image-container-inner\"><div class=\"avia-image-overlay-wrap\"><img alt=\"\" alt=\"\" decoding=\"async\" fetchpriority=\"high\" class='wp-image-325 avia-img-lazy-loading-not-325 avia_image ' src=\"https:\/\/alainanima.com\/wp-content\/uploads\/2025\/09\/ALAIN-ANIMACOM-HOME-V2-936x1030.jpg\" alt='' title='ALAIN-ANIMACOM- HOME-V2'  height=\"1030\" width=\"936\"  itemprop=\"thumbnailUrl\" srcset=\"https:\/\/alainanima.com\/wp-content\/uploads\/2025\/09\/ALAIN-ANIMACOM-HOME-V2-936x1030.jpg 936w, https:\/\/alainanima.com\/wp-content\/uploads\/2025\/09\/ALAIN-ANIMACOM-HOME-V2-273x300.jpg 273w, https:\/\/alainanima.com\/wp-content\/uploads\/2025\/09\/ALAIN-ANIMACOM-HOME-V2-768x845.jpg 768w, https:\/\/alainanima.com\/wp-content\/uploads\/2025\/09\/ALAIN-ANIMACOM-HOME-V2-1396x1536.jpg 1396w, https:\/\/alainanima.com\/wp-content\/uploads\/2025\/09\/ALAIN-ANIMACOM-HOME-V2-1862x2048.jpg 1862w, https:\/\/alainanima.com\/wp-content\/uploads\/2025\/09\/ALAIN-ANIMACOM-HOME-V2-1364x1500.jpg 1364w, https:\/\/alainanima.com\/wp-content\/uploads\/2025\/09\/ALAIN-ANIMACOM-HOME-V2-641x705.jpg 641w\" sizes=\"(max-width: 936px) 100vw, 936px\" \/><\/div><\/div><\/div><br \/>\n\n<style type=\"text\/css\" data-created_by=\"avia_inline_auto\" id=\"style-css-av-n4tpn-730421b0a6aba37b68524e6b58a271e3\">\n#top .hr.hr-invisible.av-n4tpn-730421b0a6aba37b68524e6b58a271e3{\nheight:20px;\n}\n<\/style>\n<div  class='hr av-n4tpn-730421b0a6aba37b68524e6b58a271e3 hr-invisible  avia-builder-el-7  el_after_av_image  avia-builder-el-last '><span class='hr-inner '><span class=\"hr-inner-style\"><\/span><\/span><\/div><\/p><\/div><div class='av-flex-placeholder'><\/div><div  class='flex_column av-8txg3-ab456b8772dbefe007a4239a71f30448 av_one_fifth  avia-builder-el-8  el_after_av_three_fifth  avia-builder-el-last  flex_column_table_cell av-equal-height-column av-align-top  '     ><\/div><\/div><!--close column table wrapper. Autoclose: 1 --><\/p>\n","protected":false},"excerpt":{"rendered":"","protected":false},"author":1,"featured_media":0,"parent":0,"menu_order":0,"comment_status":"closed","ping_status":"closed","template":"","meta":{"_seopress_robots_primary_cat":"","_seopress_titles_title":"alain anima'com","_seopress_titles_desc":"Alain anima'com, animateur, speaker, pr\u00e9sentateur et maitre de c\u00e9r\u00e9monies est l'artisan de vos \u00e9v\u00e9nements en corse.","_seopress_robots_index":"","footnotes":""},"class_list":["post-299","page","type-page","status-publish","hentry"],"_links":{"self":[{"href":"https:\/\/alainanima.com\/index.php\/wp-json\/wp\/v2\/pages\/299","targetHints":{"allow":["GET"]}}],"collection":[{"href":"https:\/\/alainanima.com\/index.php\/wp-json\/wp\/v2\/pages"}],"about":[{"href":"https:\/\/alainanima.com\/index.php\/wp-json\/wp\/v2\/types\/page"}],"author":[{"embeddable":true,"href":"https:\/\/alainanima.com\/index.php\/wp-json\/wp\/v2\/users\/1"}],"replies":[{"embeddable":true,"href":"https:\/\/alainanima.com\/index.php\/wp-json\/wp\/v2\/comments?post=299"}],"version-history":[{"count":45,"href":"https:\/\/alainanima.com\/index.php\/wp-json\/wp\/v2\/pages\/299\/revisions"}],"predecessor-version":[{"id":406,"href":"https:\/\/alainanima.com\/index.php\/wp-json\/wp\/v2\/pages\/299\/revisions\/406"}],"wp:attachment":[{"href":"https:\/\/alainanima.com\/index.php\/wp-json\/wp\/v2\/media?parent=299"}],"curies":[{"name":"wp","href":"https:\/\/api.w.org\/{rel}","templated":true}]}}